 factor of 38 and 18.
2
What is the highest common factor of 1169 and 334?
167
What is the highest common divisor of 858 and 66?
66
Calculate the highest common factor of 37271 and 47.
47
What is the greatest common divisor of 36 and 27?
9
What is the highest common divisor of 143 and 26?
13
Calculate the greatest common divisor of 160 and 10.
10
Calculate the greatest common divisor of 348 and 1479.
87
Calculate the highest common divisor of 50 and 11225.
25
What is the greatest common factor of 294 and 63?
21
Calculate the greatest common factor of 3 and 567.
3
What is the highest common factor of 1054 and 62?
62
What is the highest common factor of 363 and 99?
33
What is the greatest common divisor of 4205 and 2755?
145
Calculate the greatest common divisor of 12031 and 908.
227
Calculate the greatest common factor of 98 and 49.
49
Calculate the highest common factor of 5909 and 19.
19
What is the highest common divisor of 19325 and 25?
25
What is the greatest common factor of 124 and 62?
62
Calculate the highest common factor of 2941 and 221.
17
Calculate the greatest common divisor of 49 and 56.
7
What is the greatest common divisor of 6407 and 149?
149
What is the greatest common factor of 6 and 3486?
6
Calculate the greatest common divisor of 160 and 64.
32
What is the highest common factor of 190 and 418?
38
What is the highest common divisor of 348 and 10266?
174
Calculate the highest common factor of 1072 and 67.
67
Calculate the highest common factor of 76 and 4.
4
Calculate the highest common factor of 384 and 10880.
128
Calculate the highest common divisor of 469 and 7.
7
Calculate the greatest common divisor of 4 and 164.
4
Calculate the highest common divisor of 1015 and 5510.
145
What is the highest common factor of 648 and 248?
8
What is the greatest common divisor of 4961 and 484?
121
What is the highest common divisor of 1722 and 42?
42
Calculate the highest common factor of 25 and 4.
1
Calculate the highest common factor of 180 and 48.
12
Calculate the highest common divisor of 66 and 24.
6
Calculate the greatest common divisor of 208 and 1053.
13
Calculate the greatest common divisor of 138 and 48.
6
What is the highest common divisor of 4020 and 60?
60
Calculate the highest common divisor of 4 and 446.
2
Calculate the highest common factor of 678 and 18.
6
Calculate the greatest common factor of 69 and 874.
23
Calculate the highest common divisor of 125 and 165.
5
Calculate the greatest common factor of 52 and 116.
4
What is the greatest common factor of 535 and 749?
107
What is the greatest common divisor of 1003 and 221?
17
Calculate the highest common divisor of 321 and 3.
3
Calculate the greatest common divisor of 308 and 17402.
154
What is the highest common factor of 2599 and 115?
23
Calculate the highest common factor of 2676 and 24.
12
Calculate the greatest common divisor of 126 and 12.
6
Calculate the greatest common divisor of 39 and 767.
13
Calculate the greatest common factor of 12 and 33.
3
Calculate the highest common divisor of 80 and 64.
16
What is the greatest common factor of 532 and 140?
28
Calculate the highest common divisor of 130 and 290.
10
Calculate the highest common divisor of 3753 and 351.
27
Calculate the highest common factor of 89 and 1157.
89
What is the highest common divisor of 21 and 3?
3
What is the greatest common divisor of 14953 and 19?
19
What is the greatest common divisor of 3 and 204?
3
What is the highest common divisor of 226 and 3051?
113
What is the highest common factor of 579 and 3?
3
Calculate the greatest common factor of 473 and 33.
11
Calculate the highest common divisor of 144 and 66.
6
What is the highest common divisor of 6 and 327?
3
Calculate the highest common divisor of 140 and 12950.
70
Calculate the highest common divisor of 31 and 1.
1
Calculate the greatest common divisor of 107 and 59706.
107
What is the greatest common factor of 2107 and 473?
43
What is the greatest common divisor of 1449 and 69?
69
Calculate the greatest common factor of 143 and 26.
13
Calculate the greatest common divisor of 62 and 15779.
31
Calculate the greatest common divisor of 4897 and 166.
83
What is the highest common factor of 207 and 3036?
69
Calculate the highest common divisor of 32 and 352.
32
Calculate the highest common factor of 256 and 448.
64
What is the highest common factor of 638 and 11?
11
What is the highest common factor of 16 and 2956?
4
Calculate the greatest common divisor of 41 and 205.
41
Calculate the highest common divisor of 4 and 108.
4
Calculate the greatest common divisor of 169 and 26.
13
Calculate the highest common factor of 4181 and 481.
37
Calculate the greatest common factor of 516 and 6.
6
What is the highest common factor of 7 and 63?
7
Calculate the highest common divisor of 611 and 143.
13
What is the greatest common factor of 12 and 108?
12
Calculate the highest common factor of 6019 and 169.
13
Calculate the greatest common factor of 615 and 123.
123
Calculate the greatest common divisor of 85 and 13855.
85
What is the greatest common divisor of 15 and 36?
3
Calculate the highest common factor of 50 and 32.
2
Calculate the highest common factor of 3197 and 23.
23
What is the greatest common factor of 153 and 17?
17
What is the greatest common divisor of 2197 and 65?
13
Calculate the highest common divisor of 96 and 128.
32
What is the highest common divisor of 21125 and 390?
65
Calculate the highest common factor of 52 and 2106.
26
What is the highest common divisor of 7220 and 760?
380
Calculate the highest common divisor of 15 and 2685.
15
Calculate the highest common factor of 90 and 36.
18
What is the greatest common divisor of 66 and 165?
33
Calculate the greatest common divisor of 2 and 57.
1
What is the highest common divisor of 1651 and 13?
13
What is the highest common factor of 2796 and 12?
12
What is the greatest common divisor of 477 and 279?
9
What is the highest common factor of 16667 and 14?
7
What is the greatest common divisor of 335 and 201?
67
Calculate the highest common divisor of 2156 and 176.
44
Calculate the greatest common divisor of 13155 and 45.
15
Calculate the highest common factor of 39 and 26650.
13
Calculate the highest common divisor of 1512 and 1071.
63
What is the greatest common divisor of 72 and 36?
36
What is the greatest common factor of 176 and 256?
16
What is the greatest common factor of 20133 and 9?
9
Calculate the greatest common divisor of 484 and 220.
44
What is the highest common factor of 1280 and 10?
10
Calculate the greatest common divisor of 12 and 198.
6
Calculate the highest common factor of 112 and 256.
16
What is the greatest common factor of 4 and 3676?
4
What is the highest common factor of 1260 and 1116?
36
Calculate the greatest common factor of 1177 and 55.
11
What is the highest common divisor of 204 and 48?
12
Calculate the highest common factor of 2820 and 660.
60
What is the highest common factor of 128 and 264?
8
Calculate the greatest common divisor of 15 and 65.
5
What is the greatest common factor of 748 and 23001?
187
Calculate the greatest common factor of 1104 and 96.
48
Calculate the highest common factor of 744 and 93.
93
Calculate the greatest common divisor of 132 and 36.
12
Calculate the highest common divisor of 12 and 948.
12
Calculate the greatest common factor of 68 and 578.
34
What is the highest common factor of 41730 and 12?
6
What is the greatest common factor of 3477 and 323?
19
Calculate the highest common factor of 5 and 110.
5
What is the highest common divisor of 504 and 180?
36
What is the greatest common factor of 275 and 10175?
275
What is the highest common divisor of 1809 and 135?
27
What is the highest common divisor of 707 and 7?
7
What is the highest common factor of 758 and 3?
1
What is the highest common factor of 1343 and 85?
17
Calculate the highest common divisor of 1 and 1172.
1
What is the highest common factor of 12 and 4?
4
Calculate the highest common divisor of 74 and 15984.
74
What is the highest common divisor of 5 and 2095?
5
Calculate the greatest common divisor of 434 and 1333.
31
What is the greatest common divisor of 321 and 3?
3
Calculate the greatest common divisor of 150 and 50.
50
Calculate the greatest common factor of 